{"id":18,"date":"2024-03-14T15:46:08","date_gmt":"2024-03-14T14:46:08","guid":{"rendered":"https:\/\/www.solidr.fr\/?page_id=18"},"modified":"2025-08-07T14:32:42","modified_gmt":"2025-08-07T12:32:42","slug":"creche-dentreprises-quest-ce-que-cest","status":"publish","type":"page","link":"https:\/\/www.solidr.fr\/index.php\/creche-dentreprises-quest-ce-que-cest\/","title":{"rendered":"Cr\u00e8che d\u2019entreprises, qu\u2019est ce que c\u2019est ?"},"content":{"rendered":"\n<div class=\"wp-block-uagb-separator uagb-block-040daf5e\"><div class=\"uagb-separator-spacing-wrapper\"><div class=\"wp-block-uagb-separator__inner\" style=\"--my-background-image:\"><\/div><\/div><\/div>\n\n\n\n<div class=\"wp-block-group alignwide has-global-padding is-layout-constrained wp-container-core-group-is-layout-fa72c8b5 wp-block-group-is-layout-constrained\" style=\"padding-top:var(--wp--preset--spacing--x-large);padding-bottom:var(--wp--preset--spacing--x-large)\">\n<div class=\"wp-block-columns alignwide is-layout-flex wp-container-core-columns-is-layout-010e51cd wp-block-columns-is-layout-flex\">\n<div class=\"wp-block-column is-vertically-aligned-center is-layout-flow wp-block-column-is-layout-flow\" style=\"flex-basis:30%\">\n<figure class=\"wp-block-image aligncenter size-full has-custom-border\"><img loading=\"lazy\" decoding=\"async\" width=\"640\" height=\"639\" src=\"https:\/\/www.solidr.fr\/wp-content\/uploads\/2025\/08\/town-8500500_640.webp\" alt=\"\" class=\"wp-image-453\" style=\"border-radius:8px\" srcset=\"https:\/\/www.solidr.fr\/wp-content\/uploads\/2025\/08\/town-8500500_640.webp 640w, https:\/\/www.solidr.fr\/wp-content\/uploads\/2025\/08\/town-8500500_640-300x300.webp 300w, https:\/\/www.solidr.fr\/wp-content\/uploads\/2025\/08\/town-8500500_640-150x150.webp 150w\" sizes=\"auto, (max-width: 640px) 100vw, 640px\" \/><\/figure>\n<\/div>\n\n\n\n<div class=\"wp-block-column is-vertically-aligned-top is-layout-flow wp-block-column-is-layout-flow\" style=\"flex-basis:70%\">\n<h2 class=\"wp-block-heading\">Cr\u00e8che d\u2019entreprises, qu\u2019est ce que c\u2019est ?<\/h2>\n\n\n\n<p>La cr\u00e8che d\u2019entreprise est aujourd\u2019hui un excellent moyen de fid\u00e9liser&nbsp; ses salari\u00e9s,&nbsp;quelle que&nbsp;soit la taille de l\u2019entreprise.<\/p>\n\n\n\n<p>Le groupe ENJEU cr\u00e9e et g\u00e8re 8 structures d\u2019accueil petite enfance en Corse et apporte des r\u00e9ponses concr\u00e8tes \u00e0 tous les besoins de vos salari\u00e9s en mati\u00e8re de garde.<\/p>\n\n\n\n<p>R\u00e9server des places en cr\u00e8che pour vos salari\u00e9s permet de leur apporter une solution pour une meilleure conciliation vie professionnelle \/ vie personnelle.<\/p>\n<\/div>\n\n\n\n<div class=\"wp-block-column is-vertically-aligned-center is-layout-flow wp-block-column-is-layout-flow\" style=\"flex-basis:30%\">\n<figure class=\"wp-block-image aligncenter size-full has-custom-border\"><img loading=\"lazy\" decoding=\"async\" width=\"720\" height=\"1040\" src=\"https:\/\/www.solidr.fr\/wp-content\/uploads\/2024\/03\/CARTE-3-2.jpg\" alt=\"\" class=\"wp-image-144\" style=\"border-radius:8px\" srcset=\"https:\/\/www.solidr.fr\/wp-content\/uploads\/2024\/03\/CARTE-3-2.jpg 720w, https:\/\/www.solidr.fr\/wp-content\/uploads\/2024\/03\/CARTE-3-2-208x300.jpg 208w, https:\/\/www.solidr.fr\/wp-content\/uploads\/2024\/03\/CARTE-3-2-709x1024.jpg 709w\" sizes=\"auto, (max-width: 720px) 100vw, 720px\" \/><\/figure>\n<\/div>\n<\/div>\n<\/div>\n\n\n\n<div class=\"wp-block-uagb-separator uagb-block-3f2aa373 wp-block-uagb-separator--icon\"><div class=\"uagb-separator-spacing-wrapper\"><div class=\"wp-block-uagb-separator__inner\" style=\"--my-background-image:\"><div class=\"wp-block-uagb-separator-element\"><svg xmlns=\"https:\/\/www.w3.org\/2000\/svg\" viewBox=\"0 0 640 512\"><path d=\"M95.1 64C95.1 28.65 124.7 0 159.1 0C195.3 0 223.1 28.65 223.1 64C223.1 99.35 195.3 128 159.1 128C124.7 128 95.1 99.35 95.1 64zM88 480V400H70.2C59.28 400 51.57 389.3 55.02 378.9L86.16 285.5L57.5 323.3C46.82 337.4 26.75 340.2 12.67 329.5C-1.415 318.8-4.175 298.7 6.503 284.7L65.4 206.1C87.84 177.4 122.9 160 160 160C197.2 160 232.2 177.4 254.6 206.1L313.5 284.7C324.2 298.7 321.4 318.8 307.3 329.5C293.3 340.2 273.2 337.4 262.5 323.3L233.9 285.6L264.1 378.9C268.4 389.3 260.7 400 249.8 400H232V480C232 497.7 217.7 512 200 512C182.3 512 168 497.7 168 480V400H152V480C152 497.7 137.7 512 120 512C102.3 512 88 497.7 88 480H88zM416 64C416 28.65 444.7 0 480 0C515.3 0 544 28.65 544 64C544 99.35 515.3 128 480 128C444.7 128 416 99.35 416 64V64zM472 384V480C472 497.7 457.7 512 440 512C422.3 512 408 497.7 408 480V300.5L395.1 321C385.7 336 365.9 340.5 350.1 331.1C336 321.7 331.5 301.9 340.9 286.1L392.6 204.9C410.2 176.9 440.9 159.1 473.8 159.1H486.2C519.2 159.1 549.8 176.9 567.4 204.9L619.1 286.1C628.5 301.9 624 321.7 609 331.1C594.1 340.5 574.3 336 564.9 321L552 300.5V480C552 497.7 537.7 512 520 512C502.3 512 488 497.7 488 480V384L472 384z\"><\/path><\/svg><\/div><\/div><\/div><\/div>\n\n\n\n<div class=\"wp-block-group alignwide has-global-padding is-layout-constrained wp-container-core-group-is-layout-fa72c8b5 wp-block-group-is-layout-constrained\" style=\"padding-top:var(--wp--preset--spacing--x-large);padding-bottom:var(--wp--preset--spacing--x-large)\">\n<div class=\"wp-block-group has-global-padding is-layout-constrained wp-block-group-is-layout-constrained\" style=\"border-style:none;border-width:0px;min-height:100%\">\n<h2 class=\"wp-block-heading has-text-align-center has-heading-color has-text-color\"><strong>POUR LA FAMILLE<\/strong><\/h2>\n<\/div>\n\n\n\n<div class=\"wp-block-columns alignwide is-layout-flex wp-container-core-columns-is-layout-010e51cd wp-block-columns-is-layout-flex\">\n<div class=\"wp-block-column is-layout-flow wp-container-core-column-is-layout-c39a6912 wp-block-column-is-layout-flow\">\n<div class=\"wp-block-group has-border-color has-outline-border-color has-global-padding is-layout-constrained wp-block-group-is-layout-constrained\" style=\"border-width:1px;border-radius:16px;min-height:100%\">\n<h5 class=\"wp-block-heading has-heading-color has-text-color\" style=\"margin-top:var(--wp--preset--spacing--small)\"><strong><em>Souplesse et pr\u00e9cision de votre r\u00e9servation<\/em><\/strong> <\/h5>\n\n\n\n<p>Un mode de garde qui vous propose ses services de 06h30 \u00e0 18h30 du lundi au vendredi. Une souplesse de r\u00e9servation qui s&rsquo;adapte au plus juste \u00e0 vos besoins. vous ne payez que les heures que vous avez r\u00e9serv\u00e9 et vous ne r\u00e9servez que les heures dont vous avez besoin.vous pouvez \u00e0 tout moment ajouter des heures pur pallier \u00e0 des besoins non pr\u00e9vus.<\/p>\n<\/div>\n<\/div>\n\n\n\n<div class=\"wp-block-column is-layout-flow wp-container-core-column-is-layout-c39a6912 wp-block-column-is-layout-flow\">\n<div class=\"wp-block-group has-border-color has-outline-border-color has-global-padding is-layout-constrained wp-block-group-is-layout-constrained\" style=\"border-width:1px;border-radius:16px;min-height:100%\">\n<h5 class=\"wp-block-heading has-heading-color has-text-color\" style=\"margin-top:var(--wp--preset--spacing--small)\"><strong><em>Un co\u00fbt identique aux cr\u00e8ches communales<\/em><\/strong><\/h5>\n\n\n\n<p> Nos \u00e9tablissements sont tous conventionn\u00e9s avec la CAF. Nous appliquons donc un bar\u00e8me des participations familiales en rapport avec les revenus de votre foyer. Nous \u00e9tablissons avec la famille un contrat de mensualisation reprenant strictement ses besoins, conform\u00e9ment \u00e0 la r\u00e9glementation de la CAF.<\/p>\n<\/div>\n<\/div>\n\n\n\n<div class=\"wp-block-column is-layout-flow wp-container-core-column-is-layout-c39a6912 wp-block-column-is-layout-flow\">\n<div class=\"wp-block-group has-border-color has-outline-border-color has-global-padding is-layout-constrained wp-block-group-is-layout-constrained\" style=\"border-width:1px;border-radius:16px;min-height:100%\">\n<h5 class=\"wp-block-heading has-heading-color has-text-color\" style=\"margin-top:var(--wp--preset--spacing--small)\"><strong><em>Un service de qualit\u00e9 autour de votre enfant<\/em><\/strong><\/h5>\n\n\n\n<p><strong><em> <\/em><\/strong>Nos \u00e9quipes sont \u00e0 votre disposition pour assurer des transmissions compl\u00e8tes de la journ\u00e9e de votre enfant, incluant son alimentation, son sommeil, ses changes et ses activit\u00e9s.Nos professionnels sont \u00e0 votre \u00e9coute, quotidiennement pour un conseil ou vous accompagner dans votre vie de parent.<\/p>\n<\/div>\n<\/div>\n<\/div>\n<\/div>\n\n\n\n<div class=\"wp-block-uagb-separator uagb-block-ecfc1810 wp-block-uagb-separator--icon\"><div class=\"uagb-separator-spacing-wrapper\"><div class=\"wp-block-uagb-separator__inner\" style=\"--my-background-image:\"><div class=\"wp-block-uagb-separator-element\"><svg xmlns=\"https:\/\/www.w3.org\/2000\/svg\" viewBox=\"0 0 448 512\"><path d=\"M156.8 411.8l31.22-31.22l-60.04-53.09l-52.29 52.28C61.63 393.8 60.07 416.1 72 432l48 64C127.9 506.5 139.9 512 152 512c8.345 0 16.78-2.609 23.97-8c17.69-13.25 21.25-38.33 8-56L156.8 411.8zM224 159.1c44.25 0 79.99-35.75 79.99-79.1S268.3 0 224 0S144 35.75 144 79.1S179.8 159.1 224 159.1zM408.7 145c-12.75-18.12-37.63-22.38-55.76-9.75l-40.63 28.5c-52.63 37-124.1 37-176.8 0l-40.63-28.5C76.84 122.6 51.97 127 39.22 145C26.59 163.1 30.97 188 48.97 200.8l40.63 28.5C101.7 237.7 114.7 244.3 128 250.2L128 288h192l.0002-37.71c13.25-5.867 26.22-12.48 38.34-21.04l40.63-28.5C417.1 188 421.4 163.1 408.7 145zM320 327.4l-60.04 53.09l31.22 31.22L264 448c-13.25 17.67-9.689 42.75 8 56C279.2 509.4 287.6 512 295.1 512c12.16 0 24.19-5.516 32.03-16l48-64c11.94-15.92 10.38-38.2-3.719-52.28L320 327.4z\"><\/path><\/svg><\/div><\/div><\/div><\/div>\n\n\n\n<div class=\"wp-block-group alignwide has-global-padding is-layout-constrained wp-container-core-group-is-layout-fa72c8b5 wp-block-group-is-layout-constrained\" style=\"padding-top:var(--wp--preset--spacing--x-large);padding-bottom:var(--wp--preset--spacing--x-large)\">\n<div class=\"wp-block-group has-global-padding is-layout-constrained wp-block-group-is-layout-constrained\" style=\"padding-bottom:var(--wp--preset--spacing--x-small)\">\n<h2 class=\"wp-block-heading has-text-align-center\"><strong><strong><strong><strong>POUR<\/strong><\/strong><\/strong><\/strong> <strong><strong>B<strong>\u00c9<\/strong>B<strong>\u00c9<\/strong><\/strong><\/strong><\/h2>\n<\/div>\n\n\n\n<div class=\"wp-block-columns alignwide is-layout-flex wp-container-core-columns-is-layout-010e51cd wp-block-columns-is-layout-flex\">\n<div class=\"wp-block-column is-layout-flow wp-container-core-column-is-layout-c39a6912 wp-block-column-is-layout-flow\">\n<div class=\"wp-block-group has-border-color has-outline-border-color has-global-padding is-layout-constrained wp-block-group-is-layout-constrained\" style=\"border-width:1px;border-radius:16px;min-height:100%\">\n<h5 class=\"wp-block-heading has-heading-color has-text-color\" style=\"margin-top:var(--wp--preset--spacing--small)\">Nos Cr\u00e8ches<\/h5>\n\n\n\n<p>Nos structures sont modernes et adapt\u00e9es. Chaque tranche d&rsquo;age b\u00e9n\u00e9ficie d&rsquo;un espace s\u00e9par\u00e9 et adapt\u00e9. Toutes nos structures sont \u00e9quip\u00e9es d&rsquo;espaces ext\u00e9rieurs s\u00e9curis\u00e9s pour permettre aux enfants de sortir au grand air tous les jours. Nos cr\u00e8ches fournissent gratuitement couches et repas aux enfants.<\/p>\n<\/div>\n<\/div>\n\n\n\n<div class=\"wp-block-column is-vertically-aligned-center is-layout-flow wp-container-core-column-is-layout-c39a6912 wp-block-column-is-layout-flow\">\n<div class=\"wp-block-group has-border-color has-outline-border-color has-global-padding is-layout-constrained wp-block-group-is-layout-constrained\" style=\"border-width:1px;border-radius:16px;min-height:100%\">\n<div class=\"wp-block-uagb-image uagb-block-3def539d wp-block-uagb-image--layout-default wp-block-uagb-image--effect-static wp-block-uagb-image--align-none\"><figure class=\"wp-block-uagb-image__figure\"><img decoding=\"async\" srcset=\"https:\/\/www.solidr.fr\/wp-content\/uploads\/2025\/08\/family-469580_640.webp ,https:\/\/www.solidr.fr\/wp-content\/uploads\/2025\/08\/family-469580_640.webp 780w, https:\/\/www.solidr.fr\/wp-content\/uploads\/2025\/08\/family-469580_640.webp 360w\" sizes=\"auto, (max-width: 480px) 150px\" src=\"https:\/\/www.solidr.fr\/wp-content\/uploads\/2025\/08\/family-469580_640.webp\" alt=\"\" class=\"uag-image-455\" width=\"640\" height=\"452\" title=\"family-469580_640\" loading=\"lazy\" role=\"img\"\/><\/figure><\/div>\n<\/div>\n<\/div>\n\n\n\n<div class=\"wp-block-column is-layout-flow wp-container-core-column-is-layout-c39a6912 wp-block-column-is-layout-flow\">\n<div class=\"wp-block-group has-border-color has-outline-border-color has-global-padding is-layout-constrained wp-block-group-is-layout-constrained\" style=\"border-width:1px;border-radius:16px;min-height:100%\">\n<h5 class=\"wp-block-heading has-heading-color has-text-color\" style=\"margin-top:var(--wp--preset--spacing--small)\">Nos \u00e9quipes<\/h5>\n\n\n\n<p>Nos \u00e9quipes sont dipl\u00f4m\u00e9es et qualifi\u00e9es. Nos professionnelles travaillent autour d&rsquo;un projet p\u00e9dagogique qui garantit : Le respect du rythme de votre enfant &#8211; La bienveillance &#8211; Des activit\u00e9s adapt\u00e9es \u00e0 vos enfants &#8211; Une initiation \u00e0 la vie en collectivit\u00e9 pour faciliter leur entr\u00e9e \u00e0 l\u2019\u00e9cole &#8211; Des objectifs : le langage, le d\u00e9veloppement psychomoteur et de l&rsquo;estime de sois.<\/p>\n<\/div>\n<\/div>\n<\/div>\n<\/div>\n\n\n\n<div class=\"wp-block-uagb-separator uagb-block-f4b9f795 wp-block-uagb-separator--icon\"><div class=\"uagb-separator-spacing-wrapper\"><div class=\"wp-block-uagb-separator__inner\" style=\"--my-background-image:\"><div class=\"wp-block-uagb-separator-element\"><svg xmlns=\"https:\/\/www.w3.org\/2000\/svg\" viewBox=\"0 0 640 512\"><path d=\"M623.1 136.9l-282.7-101.2c-13.73-4.91-28.7-4.91-42.43 0L16.05 136.9C6.438 140.4 0 149.6 0 160s6.438 19.65 16.05 23.09L76.07 204.6c-11.89 15.8-20.26 34.16-24.55 53.95C40.05 263.4 32 274.8 32 288c0 9.953 4.814 18.49 11.94 24.36l-24.83 149C17.48 471.1 25 480 34.89 480H93.11c9.887 0 17.41-8.879 15.78-18.63l-24.83-149C91.19 306.5 96 297.1 96 288c0-10.29-5.174-19.03-12.72-24.89c4.252-17.76 12.88-33.82 24.94-47.03l190.6 68.23c13.73 4.91 28.7 4.91 42.43 0l282.7-101.2C633.6 179.6 640 170.4 640 160S633.6 140.4 623.1 136.9zM351.1 314.4C341.7 318.1 330.9 320 320 320c-10.92 0-21.69-1.867-32-5.555L142.8 262.5L128 405.3C128 446.6 213.1 480 320 480c105.1 0 192-33.4 192-74.67l-14.78-142.9L351.1 314.4z\"><\/path><\/svg><\/div><\/div><\/div><\/div>\n\n\n\n<div class=\"wp-block-group alignwide has-global-padding is-layout-constrained wp-container-core-group-is-layout-fa72c8b5 wp-block-group-is-layout-constrained\" style=\"padding-top:var(--wp--preset--spacing--x-large);padding-bottom:var(--wp--preset--spacing--x-large)\">\n<div class=\"wp-block-group alignwide is-layout-flow wp-container-core-group-is-layout-fa9bfc51 wp-block-group-is-layout-flow\">\n<h2 class=\"wp-block-heading has-text-align-center\"><strong><strong>POUR L&rsquo;EMPLOYEUR<\/strong><\/strong><\/h2>\n<\/div>\n\n\n\n<div class=\"wp-block-columns alignwide is-layout-flex wp-container-core-columns-is-layout-010e51cd wp-block-columns-is-layout-flex\">\n<div class=\"wp-block-column is-layout-flow wp-container-core-column-is-layout-c39a6912 wp-block-column-is-layout-flow\">\n<div class=\"wp-block-group has-border-color has-outline-border-color has-global-padding is-layout-constrained wp-block-group-is-layout-constrained\" style=\"border-width:1px;border-radius:16px;min-height:100%\">\n<h5 class=\"wp-block-heading has-heading-color has-text-color\" style=\"margin-top:var(--wp--preset--spacing--small)\"><strong><em><strong><em>Une ma\u00eetrise des co\u00fbts pour l&#8217;employeur<\/em><\/strong><\/em><\/strong><\/h5>\n\n\n\n<p>La famille participe financi\u00e8rement selon un bar\u00e8me prenant en compte ses revenus. La CAF compense financi\u00e8rement l&rsquo;effort des familles. L&rsquo;entreprise verse le reliquat et b\u00e9n\u00e9ficie des avantages suivants : CIF (cr\u00e9dit d&rsquo;imp\u00f4t Famille): remboursement de 50% des sommes vers\u00e9es. D\u00e9duction sur l&rsquo;imp\u00f4t sur les soci\u00e9t\u00e9s jusqu&rsquo;\u00e0 28%. Un reste \u00e0 charge de 22% pour l&rsquo;entreprise.<\/p>\n<\/div>\n<\/div>\n\n\n\n<div class=\"wp-block-column is-layout-flow wp-container-core-column-is-layout-c39a6912 wp-block-column-is-layout-flow\">\n<div class=\"wp-block-group has-border-color has-outline-border-color has-global-padding is-layout-constrained wp-block-group-is-layout-constrained\" style=\"border-width:1px;border-radius:16px;min-height:100%\">\n<h5 class=\"wp-block-heading has-heading-color has-text-color\" style=\"margin-top:var(--wp--preset--spacing--small)\"><strong><em><strong><em>Privil\u00e9gier le bien \u00eatre des salari\u00e9s c&rsquo;est am\u00e9liorer la productivit\u00e9 de l&rsquo;entreprise<\/em><\/strong><\/em><\/strong><\/h5>\n\n\n\n<p>Un salari\u00e9 serein quant au mode de garde et \u00e0 la prise en charge de ses enfants est un salari\u00e9 qui peut se concentrer et s&rsquo;investir pleinement dans son travail. Un service de garde d&rsquo;enfant de qualit\u00e9 am\u00e9liore vos recrutements, fid\u00e9lise vos collaborateurs , acc\u00e9l\u00e9r\u00e9 le retour \u00e0 l&#8217;emploi apr\u00e8s la maternit\u00e9 et \u00e9vite le recours aux cong\u00e9s parentaux.<\/p>\n<\/div>\n<\/div>\n\n\n\n<div class=\"wp-block-column is-vertically-aligned-center is-layout-flow wp-container-core-column-is-layout-c39a6912 wp-block-column-is-layout-flow\">\n<div class=\"wp-block-group has-border-color has-outline-border-color has-global-padding is-layout-constrained wp-block-group-is-layout-constrained\" style=\"border-width:1px;border-radius:16px;min-height:100%\">\n<div class=\"wp-block-uagb-image uagb-block-4587520d wp-block-uagb-image--layout-default wp-block-uagb-image--effect-static wp-block-uagb-image--align-none\"><figure class=\"wp-block-uagb-image__figure\"><img decoding=\"async\" srcset=\"https:\/\/www.solidr.fr\/wp-content\/uploads\/2025\/08\/man-5583395_640-removebg-preview.png ,https:\/\/www.solidr.fr\/wp-content\/uploads\/2025\/08\/man-5583395_640-removebg-preview.png 780w, https:\/\/www.solidr.fr\/wp-content\/uploads\/2025\/08\/man-5583395_640-removebg-preview.png 360w\" sizes=\"auto, (max-width: 480px) 150px\" src=\"https:\/\/www.solidr.fr\/wp-content\/uploads\/2025\/08\/man-5583395_640-removebg-preview.png\" alt=\"\" class=\"uag-image-497\" width=\"640\" height=\"452\" title=\"man-5583395_640-removebg-preview\" loading=\"lazy\" role=\"img\"\/><\/figure><\/div>\n<\/div>\n<\/div>\n<\/div>\n<\/div>\n","protected":false},"excerpt":{"rendered":"<p>Cr\u00e8che d\u2019entreprises, qu\u2019est ce que c\u2019est ? La cr\u00e8che d\u2019entreprise est aujourd\u2019hui un excellent moyen de fid\u00e9liser&nbsp; ses salari\u00e9s,&nbsp;quelle que&nbsp;soit la taille de l\u2019entreprise. Le groupe ENJEU cr\u00e9e et g\u00e8re 8 structures d\u2019accueil petite enfance en Corse et apporte des r\u00e9ponses concr\u00e8tes \u00e0 tous les besoins de vos salari\u00e9s en mati\u00e8re de garde. R\u00e9server des [&hellip;]<\/p>\n","protected":false},"author":1,"featured_media":0,"parent":0,"menu_order":0,"comment_status":"closed","ping_status":"closed","template":"","meta":{"_uag_custom_page_level_css":"","_swt_meta_header_display":false,"_swt_meta_footer_display":false,"_swt_meta_site_title_display":true,"_swt_meta_sticky_header":false,"_swt_meta_transparent_header":false,"footnotes":""},"class_list":["post-18","page","type-page","status-publish","hentry"],"uagb_featured_image_src":{"full":false,"thumbnail":false,"medium":false,"medium_large":false,"large":false,"1536x1536":false,"2048x2048":false},"uagb_author_info":{"display_name":"edouardporet","author_link":"https:\/\/www.solidr.fr\/index.php\/author\/edouardporet\/"},"uagb_comment_info":0,"uagb_excerpt":"Cr\u00e8che d\u2019entreprises, qu\u2019est ce que c\u2019est ? La cr\u00e8che d\u2019entreprise est aujourd\u2019hui un excellent moyen de fid\u00e9liser&nbsp; ses salari\u00e9s,&nbsp;quelle que&nbsp;soit la taille de l\u2019entreprise. Le groupe ENJEU cr\u00e9e et g\u00e8re 8 structures d\u2019accueil petite enfance en Corse et apporte des r\u00e9ponses concr\u00e8tes \u00e0 tous les besoins de vos salari\u00e9s en mati\u00e8re de garde. R\u00e9server des\u2026","_links":{"self":[{"href":"https:\/\/www.solidr.fr\/index.php\/wp-json\/wp\/v2\/pages\/18","targetHints":{"allow":["GET"]}}],"collection":[{"href":"https:\/\/www.solidr.fr\/index.php\/wp-json\/wp\/v2\/pages"}],"about":[{"href":"https:\/\/www.solidr.fr\/index.php\/wp-json\/wp\/v2\/types\/page"}],"author":[{"embeddable":true,"href":"https:\/\/www.solidr.fr\/index.php\/wp-json\/wp\/v2\/users\/1"}],"replies":[{"embeddable":true,"href":"https:\/\/www.solidr.fr\/index.php\/wp-json\/wp\/v2\/comments?post=18"}],"version-history":[{"count":39,"href":"https:\/\/www.solidr.fr\/index.php\/wp-json\/wp\/v2\/pages\/18\/revisions"}],"predecessor-version":[{"id":548,"href":"https:\/\/www.solidr.fr\/index.php\/wp-json\/wp\/v2\/pages\/18\/revisions\/548"}],"wp:attachment":[{"href":"https:\/\/www.solidr.fr\/index.php\/wp-json\/wp\/v2\/media?parent=18"}],"curies":[{"name":"wp","href":"https:\/\/api.w.org\/{rel}","templated":true}]}}